{"id":13,"date":"2018-02-17T12:57:56","date_gmt":"2018-02-17T11:57:56","guid":{"rendered":"https:\/\/lescapucines.net\/?page_id=13"},"modified":"2025-11-30T17:56:37","modified_gmt":"2025-11-30T16:56:37","slug":"equipes-educatives","status":"publish","type":"page","link":"https:\/\/lescapucines.net\/?page_id=13","title":{"rendered":"Equipe \u00e9ducative"},"content":{"rendered":"<h2><span style=\"color: #339966;\">Le Pouvoir Organisateur<\/span><\/h2>\n<p>Pr\u00e9sidente: Madame Christine KOMOROWSKI<\/p>\n<p>Vice-Pr\u00e9sident: Monsieur Emmanuel HOYEZ<\/p>\n<p>Tr\u00e9sorier: Monsieur Michel DUBOIS<\/p>\n<h2><span style=\"color: #339966;\">La direction<\/span><\/h2>\n<p>Madame Sabrina FR\u00c8RES<\/p>\n<h2><span style=\"color: #339966;\">Le secr\u00e9tariat<\/span><\/h2>\n<p>Madame Marie-C\u00e9cile HENRY<\/p>\n<h2><span style=\"color: #339966;\">Les enseignants<\/span><\/h2>\n<ul style=\"list-style-type: disc;\">\n<li>Madame Virginie BERTHOLET<\/li>\n<li class=\"font_7\">Madame Justine BEAUJOT<\/li>\n<li>Madame Pascale BELCHE<\/li>\n<li>Madame Pauline BUCHE<\/li>\n<li>Monsieur Jean-Pierre DAFFE<\/li>\n<li>Madame Marine DECOURCELLE<\/li>\n<li>Madame Marine LANNOY<\/li>\n<li>Madame R\u00e9gine LECLEF<\/li>\n<li>Monsieur Didier LEGROS<\/li>\n<li>Madame Isabelle MAE MEI<\/li>\n<li>Monsieur Fr\u00e9d\u00e9ric MONSEUR<\/li>\n<li>Madame Justine PACOLET<\/li>\n<li>Madame Sabine RENARD<\/li>\n<li>Madame Sandrine TAGNON<\/li>\n<li>Madame H\u00e9l\u00e8ne VANLOO<\/li>\n<li>Madame Florine VOTION<\/li>\n<li>Madame Aline WARNANT<\/li>\n<\/ul>\n<h2><span style=\"color: #339966;\">Les param\u00e9dicaux<\/span><\/h2>\n<ul>\n<li>Madame St\u00e9phanie BAYS, pu\u00e9ricultrice<\/li>\n<li class=\"font_7\">Madame Wendy BODSON, pu\u00e9ricultrice<\/li>\n<li>Madame Marie BOKA, logop\u00e8de<\/li>\n<li>Madame Caroline FAITE, pu\u00e9ricultrice<\/li>\n<li>Monsieur St\u00e9phane PIRLOT, kin\u00e9sith\u00e9rapeute<\/li>\n<li>Madame Margaux ROBIN, logop\u00e8de<\/li>\n<li class=\"font_7\">Madame \u00c9lodie SCHINS, logop\u00e8de<\/li>\n<\/ul>\n<h2><span style=\"color: #339966;\">Le personnel auxiliaire<\/span><\/h2>\n<ul style=\"list-style-type: disc;\">\n<li>Madame Florine GILISSE<\/li>\n<\/ul>\n<p>&nbsp;<\/p>\n<h2><span style=\"color: #339966;\">Classe \u00e0 vis\u00e9e inclusive \u00e0 Vierset-Barse, Modave<\/span><\/h2>\n<ul>\n<li>Madame Margaux ROBIN, logop\u00e8de<\/li>\n<li>Madame \u00c9milie ROYER, institutrice<\/li>\n<li>Monsieur Etienne STRUYS, coordinateur<\/li>\n<\/ul>\n<p>&nbsp;<\/p>\n<p><img loading=\"lazy\" decoding=\"async\" class=\"alignnone wp-image-4213 size-large\" src=\"https:\/\/lescapucines.net\/wp-content\/uploads\/2024\/06\/2024-06-classe-inclusive-698x1024.jpg\" alt=\"Ecole Sainte Famille de Vierset-Barse\" width=\"698\" height=\"1024\" srcset=\"https:\/\/lescapucines.net\/wp-content\/uploads\/2024\/06\/2024-06-classe-inclusive-698x1024.jpg 698w, https:\/\/lescapucines.net\/wp-content\/uploads\/2024\/06\/2024-06-classe-inclusive-204x300.jpg 204w, https:\/\/lescapucines.net\/wp-content\/uploads\/2024\/06\/2024-06-classe-inclusive-768x1127.jpg 768w, https:\/\/lescapucines.net\/wp-content\/uploads\/2024\/06\/2024-06-classe-inclusive-1047x1536.jpg 1047w, https:\/\/lescapucines.net\/wp-content\/uploads\/2024\/06\/2024-06-classe-inclusive-750x1100.jpg 750w, https:\/\/lescapucines.net\/wp-content\/uploads\/2024\/06\/2024-06-classe-inclusive.jpg 1049w\" sizes=\"auto, (max-width: 698px) 100vw, 698px\" \/><\/p>\n","protected":false},"excerpt":{"rendered":"<p>Le Pouvoir Organisateur Pr\u00e9sidente: Madame Christine KOMOROWSKI Vice-Pr\u00e9sident: Monsieur Emmanuel HOYEZ Tr\u00e9sorier: Monsieur Michel DUBOIS La direction Madame Sabrina FR\u00c8RES Le secr\u00e9tariat Madame Marie-C\u00e9cile HENRY Les enseignants Madame Virginie BERTHOLET Madame Justine BEAUJOT Madame Pascale BELCHE Madame Pauline BUCHE Monsieur Jean-Pierre DAFFE Madame Marine DECOURCELLE Madame Marine LANNOY Madame R\u00e9gine LECLEF Monsieur Didier LEGROS Madame &hellip; <\/p>\n<p><a class=\"more-link btn\" href=\"https:\/\/lescapucines.net\/?page_id=13\">Lire la suite<\/a><\/p>\n","protected":false},"author":2,"featured_media":0,"parent":0,"menu_order":0,"comment_status":"closed","ping_status":"closed","template":"","meta":{"footnotes":""},"class_list":["post-13","page","type-page","status-publish","hentry","nodate","item-wrap"],"_links":{"self":[{"href":"https:\/\/lescapucines.net\/index.php?rest_route=\/wp\/v2\/pages\/13","targetHints":{"allow":["GET"]}}],"collection":[{"href":"https:\/\/lescapucines.net\/index.php?rest_route=\/wp\/v2\/pages"}],"about":[{"href":"https:\/\/lescapucines.net\/index.php?rest_route=\/wp\/v2\/types\/page"}],"author":[{"embeddable":true,"href":"https:\/\/lescapucines.net\/index.php?rest_route=\/wp\/v2\/users\/2"}],"replies":[{"embeddable":true,"href":"https:\/\/lescapucines.net\/index.php?rest_route=%2Fwp%2Fv2%2Fcomments&post=13"}],"version-history":[{"count":22,"href":"https:\/\/lescapucines.net\/index.php?rest_route=\/wp\/v2\/pages\/13\/revisions"}],"predecessor-version":[{"id":4445,"href":"https:\/\/lescapucines.net\/index.php?rest_route=\/wp\/v2\/pages\/13\/revisions\/4445"}],"wp:attachment":[{"href":"https:\/\/lescapucines.net\/index.php?rest_route=%2Fwp%2Fv2%2Fmedia&parent=13"}],"curies":[{"name":"wp","href":"https:\/\/api.w.org\/{rel}","templated":true}]}}